eatest common factor of n and 144?
36
Let q(k) = -10*k**2 + 2*k + 63. Let r be q(0). What is the greatest common divisor of r and 1449?
63
Suppose 0 = 3*o - 4*o + 11. Let r(n) = -n**2 + 12*n + 57. Let l be r(13). Calculate the greatest common divisor of o and l.
11
Suppose -12 = a - 4*a. Suppose d - 6 = -3. Let c be d*((-78)/(-9) - 2). What is the greatest common factor of a and c?
4
Let z(g) = -10*g**3 + g**2 - g. Let i be z(1). Let x be 6*(i/(-3) + 4). Let v(h) = -h - 3. Let a be v(-7). Calculate the greatest common divisor of x and a.
4
Let y = -96 - -57. Let g = -22 - y. Let j = 751 - 598. What is the highest common divisor of j and g?
17
Let s be (-3*6)/((-93)/434). Calculate the highest common factor of s and 48.
12
Suppose 0 = 3*c - 0*p + 4*p - 166, 3*c - 154 = -p. What is the greatest common factor of 400 and c?
50
Let s be (-11 - -4)*208/(-14). What is the highest common factor of s and 16?
8
Suppose 2*o - 277 - 601 = 2*d, -o - 10*d = -472. Calculate the highest common divisor of o and 68.
34
Suppose -5*z = 0, -3*n + 3*z + 1 = -14. Suppose 4*i - 3*q - 653 = 0, -4*q = 4*i - n*q - 647. Calculate the highest common divisor of i and 7.
7
Let v(w) = 4*w**2 + 191*w - 30. Let p be v(-48). Calculate the greatest common factor of p and 2.
2
Let t = 122 + 52. Suppose -t = -7*j + j. Calculate the highest common factor of j and 87.
29
Let f be (-4)/(-22) + (-450)/55. Let x = 11 + f. Suppose -x*t + 7 = -2. Calculate the greatest common factor of t and 9.
3
Let m(n) = n**2 - 9*n + 2. Let h be m(6). Let x = h - -20. Suppose 0 = 2*u - 2*v - 16, 5*v = -0*v - 20. Calculate the greatest common divisor of x and u.
4
Suppose k - 1 + 11 = 0. Let y(s) = -4*s - 5. Let g be y(k). Let l be (2/(-1) + 4)*7. What is the greatest common divisor of l and g?
7
Suppose -k + n = -22, 2*k = -3*n - n + 56. Suppose 0 = 23*x - k*x. Let g be 0 - -2*(52 + x). Calculate the highest common divisor of 13 and g.
13
Suppose -209 = -5*k + 3*z, -2*z + 74 = -8*k + 10*k. What is the greatest common divisor of 32 and k?
8
Let z be ((-1304496)/(-126))/8 + 6/7. Calculate the highest common factor of z and 5.
5
Let w(h) = 7*h + 46. Let i be w(-6). What is the greatest common divisor of i and 122?
2
Let p = -52 + 137. Suppose 0 = -o - y - 2*y - 7, -2*y = -3*o - 54. Let s = o + 33. What is the greatest common divisor of p and s?
17
Let m(z) = z**3 - 20*z**2 + 52*z + 6. Let x be m(17). Let i be (-1522)/(-6) - (-2)/(-3). Calculate the greatest common divisor of i and x.
23
Suppose 0 = 3*j + 6. Let i be 5 + 8 + -12 + (-10)/j. What is the greatest common factor of i and 27?
3
Suppose h - 29 = 3*y, 5*h = -2*y - 2*y - 7. Let i = 4 - y. Let o = -83 + 179. What is the highest common divisor of i and o?
12
Let m be (651/(-7))/((-6)/4). What is the highest common divisor of m and 31?
31
Let v = -650 - -740. Calculate the highest common divisor of 24 and v.
6
Suppose 0 = 29*l - 75 - 157. Calculate the greatest common factor of l and 216.
8
Let j = 57 - 39. Suppose 2*g = g. Suppose 3*l + 12 = g, 4*f - 7*l + 3*l - 88 = 0. What is the highest common factor of j and f?
18
Suppose -130 = -2*w - 3*w. Suppose -5*u = -16 - 4. Let s(l) = 3*l**2 + 6*l - 7. Let h be s(u). What is the highest common factor of w and h?
13
Let k = 20 - 15. Suppose k*b + 9 = -q - 1, 25 = 5*q. Let p be (-9)/((-1)/((-2)/b)). What is the highest common divisor of 18 and p?
6
Let m be 125/(-2) + 11/(-22). Let k = 147 + m. Let j = -12 + 24. What is the highest common divisor of k and j?
12
Let k be (30 - -5) + 3 + -5. Let y = -22 + k. Let p be (-114)/(-10) - (-2)/(-5). What is the highest common factor of y and p?
11
Suppose 8*l - 1955 = 3*l. Calculate the highest common divisor of 23 and l.
23
Suppose 4*c = -5*j - 22, -3*j + c = j + 5. Let f be 5*(-2)/j - 1. Calculate the highest common factor of 12 and f.
4
Suppose -5*d - 32 + 7 = 0. Let w = 9 + d. Suppose -5*m + 1 + w = 0. What is the highest common factor of 8 and m?
1
Suppose 2*n + 696 = 5*i, -4*n + 0*n - 426 = -3*i. Let s = 141 - i. Calculate the greatest common divisor of 2 and s.
1
Suppose 4*d = 3*k + 245, 0 = -3*k + 2*k - 2*d - 85. Let r = -71 - k. What is the highest common factor of r and 132?
12
Suppose 0 = -17*q - 3235 + 13010. What is the highest common factor of 23 and q?
23
Let s = 7 + -11. Let l = 6 + s. Let f be (-1 + -1 - -3) + l. Calculate the greatest common divisor of 6 and f.
3
Suppose -q = -0*q - 4*o - 2, 4*o = -q + 42. What is the highest common factor of 11 and q?
11
Let n be 1/16 + 564/192. Suppose 1 = 3*z + d, z + 0*d + 8 = -2*d. Suppose z*c = 2*r, 0 = 3*c + c - 8. Calculate the greatest common divisor of n and r.
1
Suppose -2*i - 41 = -7*h + 2*h, 0 = 3*i - 6. Let a be (-3 - -1) + 0 + 12. Let p = 11 - a. Calculate the highest common factor of h and p.
1
Let t(q) = 5*q**3 - 50*q**2 + 12*q - 90. Let h be t(10). Let z be (-212)/(-2) + (0 - 1). Calculate the highest common factor of h and z.
15
Let c(n) = -n**3 + 6*n**2 - 3*n - 5. Let h be c(5). Suppose h*k + 0*k - 379 = 2*f, 152 = 2*k - f. What is the highest common divisor of 15 and k?
15
Suppose 5*w + 5*l + 10 = 0, -4*l = -4*w - l + 27. Let t be w/2 + 10/4. Suppose -3*q = q - 144. What is the highest common divisor of q and t?
4
Suppose -5*n - 2*h = 179, 48 = -n - 2*h + 9. Let x be 4/(-16)*-4 - n. Calculate the highest common divisor of 90 and x.
18
Let r be ((-2 + -1)*34)/((-4)/18). Calculate the greatest common divisor of 51 and r.
51
Suppose 46 = 4*m + 3*h - 65, 5*m - 162 = 4*h. Calculate the highest common divisor of m and 20.
10
Let w be (-36)/24*56/6. Let k be 4/6*(-147)/w. Suppose 2*p + 2*n - 10 = 0, -k*p + 2*p = -5*n - 55. What is the greatest common factor of p and 64?
8
Suppose 146*n - 154*n + 376 = 0. Calculate the greatest common factor of n and 235.
47
Let k(m) = m**3 + m**2 - 8*m + 5. Let h be k(-6). Let v = -125 - h. Calculate the highest common factor of 6 and v.
2
Let a(m) = -2*m + 59. Let i be a(28). Suppose 0 = 8*r - 9*r + i. Calculate the greatest common factor of r and 33.
3
Let i(y) = y**3 + 9*y**2 + 10*y + 8. Let q be i(-6). What is the highest common divisor of 136 and q?
8
Let y = 1168 + -1163. Let t be (0 - 0) + 2/2. What is the greatest common divisor of y and t?
1
Let t(d) = 72*d. Let x be t(1). Let h(a) = 7*a + 40. Let f be h(0). Let c = -31 + f. Calculate the highest common factor of c and x.
9
Let z = -18 + 6. Let f be z/(-21)*14/4. Suppose 0 = 3*k - f*k - 10. Calculate the greatest common factor of k and 40.
10
Let w be -5*36/4*-20. Suppose -2*u = -u - w. Suppose 0 = j + 4*j - u. Calculate the highest common divisor of j and 20.
20
Let n be 6 - (49/7 - 310). Calculate the greatest common divisor of 3 and n.
3
Let g = 171 + -168. Suppose 2*h + 5*t - 917 = -164, g*t = -4*h + 1471. What is the greatest common divisor of h and 28?
28
Suppose -2*r = -3*l - 62, -5*l = 4 + 6. What is the highest common factor of r and 12?
4
Suppose 2*t = -2*r + 40, 2*t + 2*r = 3*r + 52. Let v = 30 + -14. Calculate the highest common divisor of t and v.
8
Let b be 1/8 - 13/104. Suppose b = 4*n - 3*g - 75, -5*g - 15 = -n - 3*g. What is the highest common factor of n and 63?
21
Suppose 2*m - 32 = 16. Let z be (8/(-5))/(114/(-10) + 11). What is the highest common factor of m and z?
4
Suppose -84*k = -93*k + 495. Calculate the greatest common factor of k and 1705.
55
Let k = -10 - -16. Let v(m) = -m + 4. Let x(y) = -2*y + 7. Let q(r) = -5*v(r) + 3*x(r). Let l be q(-8). What is the highest common factor of l and k?
3
Suppose 3*m = -12, 0 = -3*u + m + 345 - 53. Let y(n) = -n**3 - 5*n**2 - 10*n. Let i be y(-4). What is the highest common divisor of i and u?
24
Let p(w) = 4*w**3 + 4*w. Let f be p(2). Suppose -4*t + 46 + f = -i, 0 = t - 5*i - 12. Calculate the highest common divisor of 2 and t.
2
Suppose -2*t - n + 10 = 0, -5*t = -3*n + n - 34. Calculate the highest common divisor of 51 and t.
3
Let s = 54 - 42. What is the highest common factor of s and 84?
12
Suppose 3*n + 5*u = 103, -3*u = -5*n + 144 - 29. Let h = 101 + -36. Calculate the highest common factor of h and n.
13
Suppose 5*y = 4*y - 1. Let l(a) be the third derivative of -35*a**4/24 - 2*a**2. Let x be l(y). What is the highest common factor of 7 and x?
7
Let i be (-4)/(-34) + (-7560)/(-476). Calculate the greatest common factor of 688 and i.